, what is 134 + 20421?
21110
In base 11, what is 96 + 189?
274
In base 9, what is 1248 + -51?
1187
In base 3, what is 10122101101 + 12?
10122101120
In base 5, what is 1244 - 1343?
-44
In base 15, what is 166 - de2?
-c7b
In base 15, what is -116 + 442?
32b
In base 10, what is 7 + -41090?
-41083
In base 16, what is 34 - 35b?
-327
In base 2, what is 11 + -10011101110011?
-10011101110000
In base 6, what is 1 + 210?
211
In base 4, what is 211133 + 2031?
213230
In base 6, what is 2011 + -232?
1335
In base 10, what is -3308498 - 0?
-3308498
In base 3, what is 202111110 + 12?
202111122
In base 4, what is -103232 + 3?
-103223
In base 10, what is -4 - -6376?
6372
In base 5, what is -2300 + -4220?
-12020
In base 7, what is 3 - -443142?
443145
In base 13, what is -2140 - 4?
-2144
In base 2, what is 11000110011101111000 + 0?
11000110011101111000
In base 4, what is 3 + 102101123?
102101132
In base 7, what is -41023420 - -5?
-41023412
In base 3, what is 10012021 + -110?
10011211
In base 16, what is -99b - -6?
-995
In base 2, what is -100100 - 100100001010110?
-100100001111010
In base 16, what is 27be + -5?
27b9
In base 5, what is 10 - 3434?
-3424
In base 10, what is -118 - 527?
-645
In base 8, what is 4705 - -64?
4771
In base 14, what is 4 + 22656?
2265a
In base 10, what is 161679 + 16?
161695
In base 11, what is 12055 + 4?
12059
In base 9, what is -10 + 8028?
8018
In base 9, what is -12810 - 2?
-12812
In base 3, what is -12222102 - 1010?
-20000112
In base 15, what is 31 + ee?
130
In base 14, what is -149c - c1?
-157d
In base 8, what is 66013 - 2?
66011
In base 7, what is -15535 - 3?
-15541
In base 4, what is 1020312 - 2010?
1012302
In base 6, what is -432 - 251103?
-251535
In base 16, what is 2ff - -8?
307
In base 15, what is -5bec8 + 3?
-5bec5
In base 4, what is -1001 + -1001231?
-1002232
In base 3, what is 11 + -120221210002?
-120221202221
In base 2, what is -11110110110000010 - 1000?
-11110110110001010
In base 9, what is -2601 + 33?
-2557
In base 10, what is 9 + 678?
687
In base 16, what is f76d2 + -9?
f76c9
In base 4, what is 22020221 + 3?
22020230
In base 9, what is 774847 - -4?
774852
In base 13, what is -1253 - -56?
-11ca
In base 9, what is -3 - -22550?
22546
In base 2, what is 111001 + -1001001000010110?
-1001000111011101
In base 2, what is -1101 - -1111111101001?
1111111011100
In base 3, what is -21212 + -21112?
-120101
In base 4, what is 110 - 2311331?
-2311221
In base 5, what is 2 + -13112210?
-13112203
In base 11, what is -4 + -47352?
-47356
In base 3, what is -22112100220 + 2?
-22112100211
In base 6, what is 220355 - 2?
220353
In base 2, what is 101 - 10001001000010?
-10001000111101
In base 3, what is 200210 + -1110?
122100
In base 3, what is 200122111 + 11?
200122122
In base 11, what is -215a - a9?
-2258
In base 5, what is -4 + 13202?
13143
In base 5, what is 4 + -101301034?
-101301030
In base 4, what is -10021 + 121?
-3300
In base 14, what is 1 + -299?
-298
In base 3, what is -12210220 - -12?
-12210201
In base 10, what is -35 - -2219?
2184
In base 4, what is -11 + 1103310101?
1103310030
In base 2, what is -1101010 + -1010101?
-10111111
In base 8, what is -3 - -2666?
2663
In base 13, what is -13 - 1123?
-1136
In base 11, what is 9 - -9026?
9034
In base 6, what is 3 + -15523?
-15520
In base 5, what is 412 - -333444?
334411
In base 2, what is 11100011111101101 - -11?
11100011111110000
In base 4, what is -11 - 2011231102?
-2011231113
In base 14, what is -1b69 + 9b?
-1aac
In base 2, what is 1110111110100111 - 1010?
1110111110011101
In base 5, what is 1232022134 + -4?
1232022130
In base 13, what is -1 + -422106?
-422107
In base 3, what is -10122220011 - -12?
-10122212222
In base 6, what is -2422104 - 5?
-2422113
In base 13, what is aa + 2ab?
388
In base 2, what is -1010100110011 - -11101?
-1010100010110
In base 3, what is 12002112 + 11?
12002200
In base 5, what is 232 - 3014?
-2232
In base 2, what is -1100100 + 110100100000011?
110100010011111
In base 12, what is -1661 - 7a?
-171b
In base 14, what is -1 + -254b1?
-254b2
In base 7, what is -136366 + -4?
-136403
In base 12, what is -458a + 29a?
-42b0
In base 9, what is -31752 - 6?
-31758
In base 15, what is -1be4a - -2a?
-1be20
In base 6, what is -13141 - -23443?
10302
In base 6, what is -143 - -11440?
11253
In base 14, what is -50 + -116b?
-11bb
In base 9, what is 673 + -43?
630
In base 14, what is -5 - -892b0?
892a9
In base 3, what is 2100121 + -22?
2100022
In base 2, what is 11101 - -100110010?
101001111
In base 12, what is 4 + -478115?
-478111
In base 14, what is -14 - -c211?
c1db
In base 12, what is -1 + 17b5?
17b4
In base 2, what is -1001111111 - 101101?
-1010101100
In base 2, what is 10001110011 - -110010101?
11000001000
In base 10, what is -7 - 1673?
-1680
In base 15, what is -387 + 11?
-376
In base 4, what is -203013 - -203?
-202210
In base 10, what is -1048 + 46?
-1002
In base 5, what is 324014 + -3?
324011
In base 8, what is 65774 - -51?
66045
In base 3, what is 1011011 + -202?
1010102
In base 11, what is 4736 + 52?
4788
In base 4, what is 10 + 102113000?
102113010
In base 6, what is 34135115 - 2?
34135113
In base 4, what is -20 - -1132230?
1132210
In base 2, what is 101 + -10001010001101101001?
-10001010001101100100
In base 2, what is 100 - -1011011001010001?
1011011001010101
In base 6, what is -234 - 100?
-334
In base 5, what is -3 + -2311230?
-2311233
In base 2, what is -1 - 100111111101111001?
-100111111101111010
In base 13, what is 7a - -396?
443
In base 5, what is -2 - 130132204?
-130132211
In base 13, what is 6b44 + 3?
6b47
In base 2, what is -100 + -10100010100010000?
-10100010100010100
In base 2, what is -11001 + 1011111111101?
1011111100100
In base 6, what is -5 - -13422012?
13422003
In base 2, what is -11001110010 - -100011010101?
1001100011
In base 12, what is -1188 + 909?
-47b
In base 2, what is -100100101110 - 110101?
-100101100011
In base 15, what is 2 + -215c4?
-215c2
In base 15, what is 9 - 81b9?
-81b0
In base 8, what is 110724 - -2?
110726
In base 3, what is -112001 - -2022?
-102202
In base 3, what is -12 - 1010001202?
-1010001221
In base 9, what is 66 + 16750?
16826
In base 9, what is 66418 + 0?
66418
In base 4, what is -233320123 + -1?
-233320130
In base 16, what is 1 + afa3?
afa4
In base 13, what is 40 + -6bb?
-67b
In base 3, what is -10212 - -1102210?
1021221
In base 4, what is 2312 - -133?
3111
In base 15, what is 8 - a7?
-9e
In base 16, what is 28 - -19e6?
1a0e
In base 5, what is -3 + -1020011?
-1020014
In base 11, what is -20 - -2927?
2907
In base 14, what is 754 - 1c9?
569
In base 15, what is -545 + -90?
-5d5
In base 5, what is 211442 - 0?
211442
In base 7, what is -131 - 515?
-646
In base 7, what is 21355 - -16?
21404
In base 2, what is -1111011001111 - 100011?
-1111011110010
In base 8, what is -717675 + 1?
-717674
In base 13, what is 4 - 91122?
-9111b
In base 10, what is -2 - 662914?
-662916
In base 13, what is -58 + 15a97?
15a3c
In base 5, what is 3424 + 3?
3432
In base 10, what is 21 + -8192?
-8171
In base 8, what is -660 - -667?
7
In base 11, what is -687153 - 3?
-687156
In base 14, what is 0 - -3d9?
3d9
In base 7, what is 2266300 - 3?
2266264
In base 5, what is 1120442 + 3?
1121000
In base 7, what is 35331452 - -5?
35331460
In base 12, what is 3 - -5b?
62
In base 8, what is -40 + -13646?
-13706
In base 11, what is -56 - -47?
-a
In base 10, what is 5117 + 287?
5404
In base 6, what is 1223 - -2100?
3323
In base 10, what is 35578 - 0?
35578
In base 10, what is 956114 - 1?
956113
In base 9, what is -401806 + -2?
-401808
In base 12, what is 475 - -59?
512
In base 10, what is 5818 + -20?
5798
In base 9, what is -10257 - 15?
-10273
In base 2, what is -1011011 + 100001111?
10110100
In base 11, what is 2 - 46a43?
-46a41
In base 2, what is 110100101000010 + -100?
110100100111110
In base 4, what is -103 - -1030121?
1030012
In base 10, what is -1550311 - -1?
-1550310
In base 10, what is 6 + -5046?
-5040
In base 4, what is 2231232121 - 2?
2231232113
In base 7, what is -3 - 1502162?
-1502165
In base 16, what is 2863 - 3?
2860
In base 12, what is -356b3 - 2?
-356b5
In base 9, what is 42081 + -3?
42077
In base 12, what is 3a6759 + -2?
3a6757
In base 3, what is -112 - 12212202?
-12220021
In base 12, what is 5 - -6b2a4?
6b2a9
In base 15, what is -2d + 94?
66
In base 12, 